of w.
7
Suppose -4*b = -5*z + 14, -5*z - 3*b + 34 = -2*b. Suppose q = z*q - 35. Let o = q - 3. What are the prime factors of o?
2
Let k be (-10)/25 + 486/(-10). Let g = -33 - k. List the prime factors of g.
2
Let n(c) = 23*c**3 - 2*c**2 - 2*c - 1. Let a(u) = u**2 + 7*u - 1. Let k be a(-7). Let t be n(k). Let w = t + 44. What are the prime factors of w?
2, 5
Suppose -5*k + 36 = 6. Suppose -4*l + k = -10. What are the prime factors of l?
2
Let l be (-1*1)/((-3)/(-24)). Let f be (-2)/l - 1/4. Let y = 15 + f. What are the prime factors of y?
3, 5
Suppose -2*c + 33 = 3*q - c, 0 = -4*q + 4*c + 44. Let f(u) = -u**3 + 12*u**2 - 10*u - 12. Let a be f(q). List the prime factors of (-2)/((a/5)/1).
2, 5
Let j = 354 - 252. What are the prime factors of j?
2, 3, 17
Let v be (-6)/(-30) - (-1)/(-5). Suppose 2*a - 5 = -3*z + 2, 3*a - 5*z - 20 = v. Suppose a*m - m = 28. List the prime factors of m.
7
Let r = 135 - 68. Let i = r - 31. What are the prime factors of i?
2, 3
Let l = 233 + -152. Suppose -l = -7*h + 4*h. What are the prime factors of h?
3
Let g(c) = 2*c - 8. Let w be g(6). Suppose 4*z - 9 = 2*y + 45, -w*y = z - 18. Suppose 0 = 3*l - l - z. What are the prime factors of l?
7
Suppose -r + 423 = 5*q, 0 = -2*q - 7*r + 4*r + 177. What are the prime factors of q?
2, 3, 7
Let j(k) = k**2 + k - 2. Let i = 9 + -19. Let z = i - -5. List the prime factors of j(z).
2, 3
Let n = -1 - -4. Suppose -4*j = -n*l - 11, -l = j - 4 - 4. What are the prime factors of l?
3
Let w(b) = 7*b + 27. List the prime factors of w(10).
97
Let k(h) = 8*h - 2. Let o be k(-3). Let u = o + 36. What are the prime factors of u?
2, 5
Let g be ((-8)/6)/(2/(-15)). Suppose 3*z + 2*z = g. What are the prime factors of z?
2
Suppose -5*m + 16 + 19 = 0. Let i = 3 + m. List the prime factors of i.
2, 5
Let l(w) = -11*w + 12. What are the prime factors of l(-12)?
2, 3
Suppose -5*k - 303 - 398 = -3*c, -2*c + 446 = 2*k. List the prime factors of c.
227
Suppose 0 = 3*s - 2 - 13. Suppose 6*c + 5*j - 34 = 2*c, -8 = -3*c + s*j. Suppose c = u + 2. List the prime factors of u.
2
Suppose 0 = 5*d + i + 67, i - 11 = d - 0*i. List the prime factors of (-76)/(-13) - 2/d.
2, 3
Suppose d + 3*d - 72 = 0. Let u = 26 - d. What are the prime factors of u?
2
Let l(c) = -c**2 + 5*c + 2. Let n be l(5). Suppose -s + a = 4*a + 2, -n*a + 16 = 2*s. Let p = 7 + s. What are the prime factors of p?
2, 5
Suppose 3*h + 2*y - 32 = 0, -7*h + 4*y + 8 = -4*h. Let b = h - -2. List the prime factors of b.
2, 5
Let w = -12 + 24. What are the prime factors of w?
2, 3
Suppose 3*a + r = 75, -a = 4*r - 9*r - 9. List the prime factors of a.
2, 3
Suppose -3*t + 5*g = -85, 4*t + 10 - 106 = -2*g. List the prime factors of t.
5
Suppose -4*a = -f - 3, 2*a + 4*f - 30 = -3*a. Suppose -a*l - 2*l = -40. List the prime factors of l.
2, 5
Suppose 2*w - 22 = -0*w. Suppose 4*q + 3 - w = 0. What are the prime factors of q?
2
Suppose 4*w = 5*w - 40. Suppose g = 5*g - w. What are the prime factors of g?
2, 5
Let c be 1*(2 + (3 - 3)). Suppose -3*q = -c*q - 6. List the prime factors of q.
2, 3
Let p = 14 - 9. Suppose -3*q + 12 = -2*x + 1, 5*x + 65 = -p*q. What are the prime factors of (-3)/(-3) - (x + -1)?
2, 3
Let w(s) be the third derivative of -7*s**4/24 + 5*s**3/6 - 2*s**2. Let y be w(-4). Suppose -5*x + 22 + y = 0. List the prime factors of x.
11
Let d = 53 - 12. Let v = 64 - d. List the prime factors of v.
23
Let z = -6 - 0. List the prime factors of z/12 - (-62)/4.
3, 5
Let h = -28 + 53. List the prime factors of h.
5
Suppose 5*i = 29 - 4. Suppose -168 + 43 = -i*m. List the prime factors of m.
5
Let l = -72 + 77. What are the prime factors of l?
5
Suppose -4*u + 2*u = 3*m + 12, m + 4 = 5*u. Suppose 2*f - 12 = -0*f. What are the prime factors of (-3)/f*(u + -6)?
3
What are the prime factors of (96/(-60))/(2/(-115))?
2, 23
Suppose r = -r. Suppose h = -r*h + 3. What are the prime factors of h?
3
Let p = 134 + -75. List the prime factors of p.
59
Let l be 27/(-4) - 3/12. Suppose 2*k = -6, 0 = n - 4*k + k - 18. Let i = l + n. List the prime factors of i.
2
Suppose -10*s = -846 - 124. List the prime factors of s.
97
Let q(x) = x**2 - 7*x - 4. What are the prime factors of q(11)?
2, 5
Suppose 4*b = 3*p + 85, -2*b - 2*b + 93 = 5*p. What are the prime factors of b?
2, 11
Let d be (-6)/8 - (-19)/4. Let j(x) = 2*x + 1 - d*x**2 + 1 - 4*x**3 + x - 4*x. List the prime factors of j(-2).
2, 5
Let s(b) = -b**3 + 10*b**2 - 11*b - 7. List the prime factors of s(8).
3, 11
Let s(c) = c**3 + 6*c**2 - 4*c - 5. Let m(r) = r - 1. Let g be m(-4). What are the prime factors of s(g)?
2, 5
Let h = 2 + 5. List the prime factors of h.
7
Suppose -2*h - 3*z - 48 = -20, -70 = 5*h + 2*z. Let u = -2 - h. What are the prime factors of u?
2, 3
What are the prime factors of 10*(9 - -1 - -2)?
2, 3, 5
Let p = -26 - -56. Let c = p + -18. What are the prime factors of c?
2, 3
Let p(q) = -q**3 - 2*q**2 + 3*q + 2. Let l be p(-3). Let w = l - 2. Suppose w = z - 2. List the prime factors of z.
2
Suppose -2*a = -4*a + 64. What are the prime factors of a?
2
Let h = -1 + 6. Suppose 0 = 5*y - 4*c - 68, y - 3*y + 34 = -h*c. What are the prime factors of y?
2, 3
Let j = 22 + -12. Suppose -4*u + j = -10. List the prime factors of u.
5
Let c(d) be the second derivative of d**5/60 + 5*d**4/24 - d**3/2 - d**2 + 3*d. Let u(y) be the first derivative of c(y). List the prime factors of u(-6).
3
Suppose -4*v = -3*v - 20. Let o = v + -17. What are the prime factors of o?
3
Suppose 0 = 4*s + 2*p + 8, 0*s + 5*p + 20 = s. Suppose s = -0*y + 2*y + 4, -4*y + 16 = l. List the prime factors of l.
2, 3
Suppose -345 = 5*y + 280. Let l = y + 178. What are the prime factors of l?
53
Suppose 39 + 1266 = 9*v. What are the prime factors of v?
5, 29
Let m be ((-12)/9)/((-6)/(-117)). What are the prime factors of (-256)/m + 6/39?
2, 5
Let c be 3 + 0/2 + -1. Let b be c/(24/21)*-4. Let u = -5 - b. What are the prime factors of u?
2
Let w(t) = -10*t + 13. Let p be w(4). Let o = p - -51. List the prime factors of o.
2, 3
Suppose 2*i - 21 = -i. Suppose -i = -3*t + 5. Suppose 2*k - 26 = t*c - 3*c, 71 = 5*k - 4*c. List the prime factors of k.
11
Suppose -3*n + 5*z - 2 = 0, n + 0*z - 2*z = 0. Let t be (n/(-10))/((-2)/(-10)). Suppose -5 = 3*k - 4*d - t, -2*d + 9 = k. What are the prime factors of k?
3
Let o = 20 - 13. Suppose -o*z + 2*z = -10. What are the prime factors of z?
2
Let l = 1 - 1. Suppose l = s - 4 + 1, -4*s = 3*m - 48. List the prime factors of m.
2, 3
Suppose -4 = -5*a + 6. What are the prime factors of (-66)/(-24) + a/8?
3
Suppose -5*w = -15 + 5. Suppose -w*t + 5*d + 14 = 0, -3*t + 2*d + 9 = -23. What are the prime factors of t?
2, 3
Suppose -h - 3*u = 31, -2*h - 5*u + 21 = 80. What are the prime factors of 2/4*h*-3?
3, 11
Let r(p) = -p**3 - p**2 + 4*p + 1. Let a be r(-3). Let b be 5 + 2*(-2)/4. Suppose -21 = b*k - a*k. What are the prime factors of k?
7
Let g = -1 + 7. Suppose 3*r + t = g, -r + 12 = 4*r + t. List the prime factors of r.
3
Let n be (0 - 0)/2 + 10. Let v = 10 + n. What are the prime factors of v?
2, 5
Let q = -22 - -16. What are the prime factors of ((-10)/q)/((-2)/(-6))?
5
Let k(t) = t - 3. Suppose -9 = -2*y - 5. Let j be -5*(-2)/(y/1). What are the prime factors of k(j)?
2
Let g(x) = 4*x**2 - 7*x + 4. What are the prime factors of g(-4)?
2, 3
Let g = 4 - 1. Suppose 8 = -g*a + 77. What are the prime factors of a?
23
Let b = 220 - 148. Let s = b - 34. What are the prime factors of s?
2, 19
Let m(j) = 2*j + 7. What are the prime factors of m(5)?
17
What are the prime factors of (-36)/(-15)*100/8?
2, 3, 5
Let a(z) = -z**2 + z. Let o(g) = -g**3 - 9*g**2 + 6*g - 4. Let d(p) = -6*a(p) + o(p). What are the prime factors of d(-4)?
2, 3
Let c(g) = g**2 + 16*g - 8. Let d be c(-17). Suppose 0 = -d*x + 5*x + 160. List the prime factors of x.
2, 5
Suppose -2*d + 102 = d - 4*r, 5*r = 3*d - 105. What are the prime factors of d?
2, 3, 5
Let k(d) be the third derivative of -d**5/60 - d**4/4 - d**3/3 - 3*d**2. Let i be k(-6). List the prime factors of (5/(-2))/(i/4).
5
Suppose -2*m = -7*m + 25, 0 = -5*t + 5*m + 35. Let w = t + -3. Suppose 1 = 5*z - w. List the prime factors of z.
2
Suppose -2*n + 7*n + 30 = 0. Let f(g) = -5*g - 2. Let c be f(n). Let k = -20 + c. List the prime factors of k.
2
What are the prime factor